et b be y/(-6) + 9/54. What is o(b)?
-2
Let h(c) = 86*c + 14. Let w(j) = 103*j + 16. Let x(p) = -6*h(p) + 5*w(p). Let f be (3 + -2 + -2)/1. Let n be f/2*(2 - 2). Determine x(n).
-4
Let j(g) = g**3 - 8*g**2 + 8*g + 3. Suppose -115 + 31 = -12*y. Calculate j(y).
10
Suppose 33*y - 38*y + 40 = 0. Suppose -y*o - 9 = o. Let s(g) = 4*g + 1. Determine s(o).
-3
Let d(z) = -3*z + 23. Let s be 38*10/20 - (0 + 1). Give d(s).
-31
Let q(g) = 2 - 7*g - 9*g + 4*g + 11*g. Suppose -4*f = -2*f + 4. Let x be (5 + f)/3 - 1. Determine q(x).
2
Suppose -2*r = 3*u - 4, 0 = r - 4*r + u + 6. Let m(n) = r*n + n**2 + 5*n + n**3 + 7*n**2 + 0*n**2. Calculate m(-7).
0
Let u(g) = g**3 + 6*g**2 + 3*g - 7. Let s be u(-5). Let o(m) = 5*m**2 - 7 + 1 - 1 + 4 + m**s. What is o(-5)?
-3
Let l(n) = n + 10. Let x(t) = -t**3 - 11*t**2 - 2*t - 22. Let q be x(-11). Suppose d + 3*d + 24 = q. Give l(d).
4
Let i(u) be the second derivative of 1/6*u**3 - 1/20*u**5 + 0 + 0*u**4 + 5*u + 2*u**2. Suppose -v + 6*v = -0*v. Give i(v).
4
Let r be -3 - 9/(-5 + 2). Let n(q) = 8*q + 25. Let l be n(-3). Let p(s) = 3*s - l - 3*s + r*s - s. Give p(-2).
1
Let o(h) = -h**2 + 2*h - 2. Suppose -f - f - 10 = -2*i, -5*f + 65 = 5*i. Let u be (0/(-1))/((-1)/(-1)). Suppose 4*t - i + 1 = u. Give o(t).
-2
Let c(y) = y**2 - 4*y + 2. Let h = 99 + -67. Let n = -30 + h. Determine c(n).
-2
Let o(j) = j + 3. Suppose -11*v - 18 - 4 = 0. Give o(v).
1
Let b(z) = -7*z**3 + 2*z**2 + 2*z - 2. Let h(q) = -8*q**3 + 2*q**2 + 3*q - 2. Let i(n) = 4*b(n) - 3*h(n). Determine i(2).
-28
Let a(q) = -q**2 + 17*q + 54. Let u be a(20). Let o(m) = -2*m + 4. Give o(u).
16
Let f(n) be the first derivative of 1/10*n**5 + 0*n + 6 - 1/3*n**3 + 1/4*n**4 - n**2 + 1/120*n**6. Let r(v) be the second derivative of f(v). Calculate r(-5).
-7
Let d(c) = -6*c**2 - 7*c**3 - c**2 + 4 - 15*c**2. Let x(a) = 3*a**3 + 11*a**2 - 2. Let q(p) = -2*d(p) - 5*x(p). What is q(-11)?
2
Suppose 2*i + 20 = -3*i. Let v(a) be the second derivative of 1/20*a**5 - 2*a**2 + 21*a + 1/2*a**4 + 2/3*a**3 + 0. Give v(i).
12
Let s(o) = -3*o**2 - 49 - 58 + 104 + 3*o + o**2. Give s(2).
-5
Let t(d) = d + 7 + 2*d**2 + d**2 - d - 8*d + 5*d + d**3. Give t(-4).
3
Suppose 11*b - 12 = 7*b. Let k(u) = u**2 + 3*u - 11. Let q be k(b). Let s(n) = n**2 - 3*n**2 + n**2 + 7 + 6*n. What is s(q)?
0
Let t(s) = 47*s - 20*s - 25*s - 2. Calculate t(-4).
-10
Suppose -28 - 20 = 24*n. Let h(j) = 5*j + 7. Calculate h(n).
-3
Let m(z) = 17*z - 4. Let q be m(2). Let g = q - 42. Let u = -13 - g. Let c(w) = 8*w**2 + 2*w + 1. Calculate c(u).
7
Let h(q) = 1 - 1 - 4*q. Let j be -6*(-4 + (-7)/(-3)). Suppose -k = 2, 0 = 4*u + 3*k - 2*k + j. What is h(u)?
8
Suppose -28*y = 13*y - 0*y. Let k(a) = -a**3 - a**2 - a + 29. What is k(y)?
29
Suppose -33 = -7*i + 9. Suppose i = n + 9. Let p(o) = -o**3 - 2*o**2 + o - 2. Determine p(n).
4
Suppose c = -109 + 101. Suppose 4*v = 5*v + 13. Let x = c - v. Let h(i) = -i. Give h(x).
-5
Let k(x) = -5*x - 21. Let p be k(-3). Let h(d) = 3*d + 7. Let t(a) = 3*a + 7. Let m(j) = -5*h(j) + 4*t(j). What is m(p)?
11
Let h(q) be the first derivative of 10*q + 4*q**2 - 1/4*q**4 + 37 - 2*q**3. What is h(-7)?
3
Let j(f) = -2*f + 8. Let t(c) = -c**2 - 6*c - 6. Let b be t(-4). Suppose -34 = -b*k - 0*k + 4*h, -35 = -k - 4*h. Let v = -17 + k. What is j(v)?
-4
Let j be 1183/845 - 6/(-10). Let y(r) = 3*r - 10. Let x(o) = 3*o - 9. Let l(p) = 7*x(p) - 6*y(p). Give l(j).
3
Let c(f) = 4 - 3*f**2 + 9*f**2 + 7333*f - 7326*f - f**3. What is c(7)?
4
Let w(m) = -13*m**2 - 1. Suppose h + 5*t = 7 + 7, 5*h = 3*t - 14. Determine w(h).
-14
Let j(d) = d**2 + 2*d - 5. Let m be j(2). Let b(l) = 5*l**m - 7*l**3 + 2*l + 3*l**3 - 3*l**2 - 3*l. Calculate b(3).
-3
Let t(m) = -2*m**3 + 5*m**2 - 12*m - 12. Let v(r) = r**3 - 3*r**2 + 5*r + 7. Let d(n) = 3*t(n) + 7*v(n). What is d(6)?
7
Suppose -2*b - 3*b + 29 = 3*h, 3*b = 2*h + 6. Let m(x) be the second derivative of 1/2*x**2 - 1/6*x**3 + 0 - 5*x. Calculate m(b).
-3
Let v(o) = 3*o + 9. Let w(k) = 9 + k**2 - 3*k - 2*k - 1 - 2. Let a be w(4). Suppose -a = 4*n + 22. What is v(n)?
-9
Let j(q) = -78*q + 39*q - 10 + 40*q - q**3 + 7*q**2. Give j(7).
-3
Suppose 6*f - 18 = -0*f. Let s(a) be the second derivative of -1/6*a**3 - f*a**2 - 1/12*a**4 + 0 + 5*a. Give s(0).
-6
Let c be -1 - (-5 - 3/((-9)/21)). Let d(u) = 4*u + 9. Calculate d(c).
-3
Suppose 975*f + 30 = 965*f. Let w(u) = -4*u - 5. What is w(f)?
7
Let t(i) be the third derivative of i**4/24 + i**3 + 9*i**2. Let l be ((-8)/(-24))/((-1)/(-15)). Give t(l).
11
Let h(d) = 5 - 2 - 77*d**3 + 78*d**3 + 2*d - 8*d**2. Determine h(7).
-32
Let g(t) = 9*t**2 + 2*t + 1. Let y(n) = n**2 - 14*n + 20. Let h be y(15). Let b = 34 - h. What is g(b)?
8
Let g(m) = 7*m**2 + 13. Let p = 21 - 16. Let v(y) = 87*y - 20 - 87*y - 11*y**2. Let i(h) = p*v(h) + 8*g(h). Give i(0).
4
Let a = -2 + 7. Let o(i) = -2*i. Let r(p) = 11*p - 5. Let v(u) = 5*o(u) + r(u). Calculate v(a).
0
Let l(f) be the first derivative of -30 - 1/3*f**3 - 3*f - 3*f**2. What is l(-6)?
-3
Suppose 8*x - 45 = 3*x. Let d(o) = x*o + 0*o - 11*o + 3*o. What is d(2)?
2
Let k(j) be the second derivative of -j**3/3 - j**2 - 104*j. Determine k(2).
-6
Let o(n) = 3*n**2 + 8*n - 7. Let u(d) = -4*d**2 - 9*d + 8. Let l(v) = 3*o(v) + 2*u(v). Let i(s) = s**2 - 46*s + 236. Let f be i(40). Give l(f).
-13
Let k(w) = -2*w**2 - 17*w - 10. Let q(g) = -2*g**2 - 21*g - 10. Let l(d) = -3*k(d) + 2*q(d). What is l(-4)?
6
Let d(k) = 830*k + 839*k + 5*k**2 - 2 - 1671*k. Determine d(-1).
5
Let g(j) = 2*j - 6. Suppose u = -3*x - 10, 1 = 4*u - 2*x - 1. Let p be (-42)/(-7) + u*2. Give g(p).
2
Let m(r) = -7*r**3 + r**2 + 2. Suppose -13*k + 2*s = -8*k - 6, 0 = 4*k - 2*s - 4. Calculate m(k).
-50
Let t(w) = -5*w**2 + 23*w + 11. Let f(c) = -14*c**2 + 68*c + 31. Let n(p) = -6*f(p) + 17*t(p). What is n(-16)?
17
Suppose 3*i = 5*c + 5 - 20, 2*c - 4*i = 6. Let k(q) be the third derivative of 0 + 3*q**2 + 0*q + 1/6*q**3 - 1/8*q**4. Give k(c).
-8
Let a(l) be the third derivative of -3*l**4/4 + l**3/3 - 41*l**2. Determine a(-2).
38
Let d(a) = 3*a**2 - 21*a - 7. Let r be d(9). Let o = -55 + r. Let m(g) = g**2 + 10*g - 4. What is m(o)?
-20
Let o(l) = 2*l + 21. Suppose -f - x - 41 = 2*f, 6*f + 98 = 2*x. Determine o(f).
-9
Let d(r) = r**3 - r**2 - 3*r + 1. Let t(k) be the third derivative of k**4/24 + k**3 + 4*k**2. Let o = 0 - 4. Let b be t(o). Calculate d(b).
-1
Let v(f) = -3*f**3 - 3*f**2 + 6 + 0*f + 4*f + 2*f**3. Let l be v(-4). Let c(k) = -k + 14. Determine c(l).
8
Let t(r) = r**3 - r**2 + r - 6. Let l be 8/28 - 309/(-21). Let k = l - 15. Suppose -5*g + 0*g = k. Determine t(g).
-6
Let i = 8 - 2. Let b(r) be the first derivative of -1/2*r**2 + 13*r + 1. Determine b(i).
7
Let c be ((-11)/9 - -1) + (-76)/(-18). Suppose 19*o - 21*o + c = 0. Let t(d) = -d - 2. What is t(o)?
-4
Let j = 3166 + -3167. Let i(q) = -26*q. Give i(j).
26
Let i(u) = u**3 + 7*u**2 + 3*u - 2. Let c = 26 - 32. Calculate i(c).
16
Let k(a) = -2*a**2 + 1. Let w = -161 - -163. Give k(w).
-7
Let r(i) = i. Suppose 30*t - 28*t = 0. Let b be t/(4*1/(-2)). What is r(b)?
0
Let l be 3/(-6) + (-6)/(-4). Suppose -l = -2*z - 3. Let h(n) = -n**3 + n. Determine h(z).
0
Let w = -19 + 32. Let a(k) = -k**2 + 11*k + 20. Let u be a(w). Let v(l) = l**3 + 6*l**2 + l + 5. Calculate v(u).
-1
Let o(z) = -1 + 2 - z + 0*z. Let b be o(-1). Let h(t) be the third derivative of t**6/120 - t**5/60 - t**4/12 + t**3/6 + 360*t**2. What is h(b)?
1
Suppose -5*l + 17 = -2*i + 3, 3*i - 2*l + 10 = 0. Let j(o) = o**2 + 5*o + 5. What is j(i)?
-1
Let p(h) be the second derivative of -1/20*h**5 - 2*h**2 + 0*h**3 + 0 + 47*h - 3/4*h**4. Calculate p(-9).
-4
Let b(g) = 7 - 7 - g**3 + 2*g**3 + 8*g**2 - 20 - 13*g. Calculate b(-9).
16
Let n(m) = m**3 - 6*m**2 - m - 2. Let r(f) = -f**3 + 2*f**2 + 3*f + 3. Let h be r(3). Let y = -19 + 28. Let j be (y/6)/h*12. Calculate n(j).
-8
Let c(p) be the first derivative of -p**4/4 - 3*p**3 - 9*p**2/2 - p + 5. Let u be c(-8). Let i(h) = 1 + h**2 + 4 - u - h. Calculate i(2).
0
Let q = -8 + 15. Let j(s) = 4*s**3 + 11*s**2 + 9*s - 9. Let g(c) = 5*c**3 + 12*c**2 + 9*c - 11. Let t(a) = -5*g(a) + 6*j(a). Give t(q).
15
Let p(y) = 2*y + 1. Let c be p(-3). Suppose 0 = 3*d + 2*d. Let g(r) = d*r + 0*r + 4 + 3*r. Determine g(c).
-11
Let m(i) = 4*i**3 + 26*i**2 - 7*i + 12. Let c(g) = 3*g**3